hat is the greatest common divisor of 6420 and 2700?
60
Calculate the greatest common divisor of 8739 and 6.
3
Calculate the highest common divisor of 230630 and 10.
10
Calculate the greatest common factor of 26 and 41717.
13
What is the greatest common factor of 1250490 and 5?
5
Calculate the greatest common divisor of 10064 and 51.
17
What is the highest common divisor of 836 and 9728?
76
Calculate the greatest common divisor of 6139 and 118395.
877
Calculate the highest common divisor of 1110 and 666.
222
What is the greatest common divisor of 322 and 491211?
161
Calculate the greatest common divisor of 2486 and 144979.
113
Calculate the highest common divisor of 15 and 39935.
5
Calculate the highest common factor of 1215 and 351.
27
Calculate the highest common divisor of 3025 and 88.
11
What is the greatest common factor of 207172 and 31556?
1372
Calculate the highest common divisor of 13416 and 2080.
104
What is the highest common factor of 23496 and 45568?
712
What is the greatest common divisor of 43866 and 288?
18
Calculate the greatest common divisor of 3670 and 790.
10
Calculate the greatest common factor of 174 and 85376.
58
Calculate the greatest common factor of 4896 and 813.
3
What is the highest common factor of 594 and 124069?
11
Calculate the greatest common divisor of 1694 and 12221.
121
What is the greatest common factor of 630 and 95?
5
What is the greatest common divisor of 1055970 and 40?
10
Calculate the highest common factor of 5570 and 140.
10
What is the highest common factor of 49726 and 47?
47
What is the greatest common divisor of 12537 and 65073?
597
Calculate the highest common factor of 1482 and 260718.
114
What is the greatest common factor of 462 and 6070526?
154
What is the greatest common factor of 252 and 73458?
126
What is the greatest common factor of 161375 and 20656?
1291
Calculate the greatest common divisor of 1797511 and 181.
181
Calculate the greatest common factor of 1845 and 7605.
45
What is the greatest common factor of 1740 and 2262?
174
Calculate the highest common factor of 18130 and 111.
37
What is the greatest common divisor of 672 and 158172?
84
What is the highest common factor of 809244 and 4956?
708
What is the highest common divisor of 42 and 314097?
21
Calculate the highest common factor of 64325 and 140275.
775
Calculate the greatest common factor of 22763 and 6851.
221
Calculate the greatest common divisor of 2453016 and 3580.
716
What is the highest common divisor of 2537 and 21543?
43
Calculate the greatest common divisor of 2449842 and 687.
687
Calculate the greatest common factor of 150 and 83175.
75
What is the highest common divisor of 708 and 503742?
354
What is the greatest common divisor of 18189 and 454302?
423
Calculate the greatest common divisor of 55790 and 11760.
70
Calculate the highest common factor of 47515 and 30940.
1105
What is the greatest common factor of 147489 and 6?
3
Calculate the greatest common divisor of 23008 and 128.
32
Calculate the greatest common factor of 650866 and 2319.
773
Calculate the greatest common factor of 378370 and 471.
157
Calculate the greatest common divisor of 483 and 2597.
7
What is the highest common factor of 22752 and 40?
8
What is the highest common divisor of 2044 and 896?
28
What is the greatest common divisor of 4573 and 25017?
269
Calculate the highest common divisor of 16470 and 342.
18
What is the highest common divisor of 13247 and 2080?
13
What is the greatest common factor of 232 and 39759?
29
Calculate the greatest common divisor of 1230985 and 7.
7
Calculate the highest common divisor of 215 and 1763.
43
What is the greatest common divisor of 1700565 and 15?
15
What is the highest common divisor of 561113 and 71?
71
Calculate the greatest common factor of 256 and 585152.
64
Calculate the greatest common factor of 142 and 1846.
142
Calculate the highest common divisor of 216134 and 106.
106
Calculate the highest common factor of 757432 and 624.
104
What is the greatest common divisor of 313 and 762781?
313
What is the highest common divisor of 109926 and 13950?
558
Calculate the greatest common divisor of 1383654 and 172.
86
Calculate the highest common divisor of 51633 and 441.
9
What is the greatest common factor of 196 and 170954?
14
Calculate the greatest common factor of 329 and 827764.
329
Calculate the highest common factor of 158588 and 492.
164
What is the highest common factor of 151 and 3616903?
151
Calculate the highest common divisor of 258 and 8820.
6
Calculate the highest common factor of 32 and 152896.
32
Calculate the greatest common divisor of 32456 and 72.
8
Calculate the highest common factor of 8 and 34440.
8
What is the highest common divisor of 320505 and 345?
345
Calculate the highest common divisor of 12770 and 810.
10
What is the greatest common factor of 3615 and 180?
15
What is the greatest common factor of 15 and 98800?
5
What is the greatest common divisor of 101952 and 6?
6
Calculate the highest common divisor of 4671 and 837.
27
What is the greatest common divisor of 660963 and 1749?
159
What is the highest common divisor of 60190 and 390?
130
What is the highest common factor of 10161 and 15?
3
Calculate the highest common factor of 5986 and 65764.
82
Calculate the highest common factor of 147 and 1421.
49
What is the greatest common divisor of 426 and 234939?
213
What is the highest common factor of 62 and 150226?
62
Calculate the greatest common divisor of 30745 and 27170.
715
Calculate the highest common factor of 251361 and 44.
11
Calculate the highest common divisor of 102 and 164271.
51
What is the highest common factor of 12947 and 749?
107
Calculate the greatest common divisor of 984406 and 19342.
1018
Calculate the highest common factor of 77367 and 27047.
629
Calculate the highest common factor of 13359 and 37887.
219
What is the highest common divisor of 196 and 752?
4
What is the highest common factor of 383 and 289931?
383
Calculate the greatest common factor of 10276 and 641516.
1468
What is the greatest common divisor of 1642 and 10?
2
Calculate the greatest common divisor of 637715 and 65.
65
Calculate the highest common factor of 1485 and 31163.
11
Calculate the highest common divisor of 264 and 76464.
24
Calculate the highest common divisor of 10521 and 42.
21
What is the greatest common factor of 24 and 752220?
12
What is the highest common divisor of 1804 and 153956?
44
What is the highest common divisor of 2430 and 250?
10
Calculate the highest common factor of 61849 and 381.
127
Calculate the highest common factor of 23510 and 130.
10
What is the greatest common divisor of 12 and 14262?
6
Calculate the highest common divisor of 88281 and 612.
153
Calculate the greatest common factor of 2449 and 18569.
31
What is the greatest common divisor of 2021 and 199563?
43
What is the highest common factor of 71 and 581419?
71
What is the greatest common factor of 102073 and 103?
103
What is the highest common factor of 583174 and 404?
202
Calculate the highest common divisor of 2274053 and 19.
19
What is the greatest common divisor of 51 and 2046528?
51
What is the greatest common divisor of 7563 and 3?
3
What is the greatest common factor of 110126 and 68306?
1394
Calculate the greatest common divisor of 418 and 42878.
22
What is the greatest common divisor of 4614213 and 531?
177
Calculate the greatest common divisor of 8962 and 56.
2
Calculate the greatest common factor of 378 and 1134567.
189
Calculate the greatest common divisor of 51 and 3378.
3
What is the greatest common factor of 2511113 and 121?
121
What is the highest common factor of 164 and 1199086?
82
What is the greatest common factor of 575 and 736?
23
Calculate the greatest common divisor of 1378 and 40492.
106
What is the highest common factor of 19 and 291061?
19
What is the greatest common factor of 259 and 8658?
37
What is the greatest common divisor of 29523 and 2769?
39
What is the highest common divisor of 753028 and 3160?
316
Calculate the greatest common factor of 6 and 6276480.
6
Calculate the greatest common factor of 2562 and 4392.
366
Calculate the greatest common factor of 120 and 7605.
15
What is the greatest common divisor of 1430 and 79200?
110
Calculate the highest common divisor of 1